[INFO] cloning repository https://github.com/iovxw/plasmodesmata
[INFO] running `Command { std: "git" "-c" "credential.helper=" "-c" "credential.helper=/workspace/cargo-home/bin/git-credential-null" "clone" "--bare" "https://github.com/iovxw/plasmodesmata" "/workspace/cache/git-repos/https%3A%2F%2Fgithub.com%2Fiovxw%2Fplasmodesmata", kill_on_drop: false }`
[INFO] [stderr] Cloning into bare repository '/workspace/cache/git-repos/https%3A%2F%2Fgithub.com%2Fiovxw%2Fplasmodesmata'...
[INFO] running `Command { std: "git" "rev-parse" "HEAD", kill_on_drop: false }`
[INFO] [stdout] 1e05b2ea64bf39ab28b8ff2e0cb832c7bbfe22b4
[INFO] building iovxw/plasmodesmata against master#ff34b919075f35a1787659e9c448a34b06bab8de for issue-85264
[INFO] running `Command { std: "git" "clone" "/workspace/cache/git-repos/https%3A%2F%2Fgithub.com%2Fiovxw%2Fplasmodesmata" "/workspace/builds/worker-1/source", kill_on_drop: false }`
[INFO] [stderr] Cloning into '/workspace/builds/worker-1/source'...
[INFO] [stderr] done.
[INFO] validating manifest of git repo https://github.com/iovxw/plasmodesmata on toolchain ff34b919075f35a1787659e9c448a34b06bab8de
[INFO] running `Command { std: "/workspace/cargo-home/bin/cargo" "+ff34b919075f35a1787659e9c448a34b06bab8de" "metadata" "--manifest-path" "Cargo.toml" "--no-deps", kill_on_drop: false }`
[INFO] started tweaking git repo https://github.com/iovxw/plasmodesmata
[INFO] finished tweaking git repo https://github.com/iovxw/plasmodesmata
[INFO] tweaked toml for git repo https://github.com/iovxw/plasmodesmata written to /workspace/builds/worker-1/source/Cargo.toml
[INFO] crate git repo https://github.com/iovxw/plasmodesmata already has a lockfile, it will not be regenerated
[INFO] running `Command { std: "/workspace/cargo-home/bin/cargo" "+ff34b919075f35a1787659e9c448a34b06bab8de" "fetch" "--manifest-path" "Cargo.toml", kill_on_drop: false }`
[INFO] running `Command { std: "docker" "create" "-v" "/var/lib/crater-agent-workspace/builds/worker-1/target:/opt/rustwide/target:rw,Z" "-v" "/var/lib/crater-agent-workspace/builds/worker-1/source:/opt/rustwide/workdir:ro,Z" "-v" "/var/lib/crater-agent-workspace/cargo-home:/opt/rustwide/cargo-home:ro,Z" "-v" "/var/lib/crater-agent-workspace/rustup-home:/opt/rustwide/rustup-home:ro,Z" "-e" "SOURCE_DIR=/opt/rustwide/workdir" "-e" "CARGO_TARGET_DIR=/opt/rustwide/target" "-e" "CARGO_HOME=/opt/rustwide/cargo-home" "-e" "RUSTUP_HOME=/opt/rustwide/rustup-home" "-w" "/opt/rustwide/workdir" "-m" "1610612736" "--user" "0:0" "--network" "none" "ghcr.io/rust-lang/crates-build-env/linux@sha256:20528e8c29e4536546f0102ce88568b16ea7538393a33fcca951030f7af10457" "/opt/rustwide/cargo-home/bin/cargo" "+ff34b919075f35a1787659e9c448a34b06bab8de" "metadata" "--no-deps" "--format-version=1", kill_on_drop: false }`
[INFO] [stderr] WARNING: Your kernel does not support swap limit capabilities or the cgroup is not mounted. Memory limited without swap.
[INFO] [stdout] fffb6708614e808208599105bad4c4e50c6c3fc52548e6ccaa5978565acd2629
[INFO] running `Command { std: "docker" "start" "-a" "fffb6708614e808208599105bad4c4e50c6c3fc52548e6ccaa5978565acd2629", kill_on_drop: false }`
[INFO] running `Command { std: "docker" "inspect" "fffb6708614e808208599105bad4c4e50c6c3fc52548e6ccaa5978565acd2629", kill_on_drop: false }`
[INFO] running `Command { std: "docker" "rm" "-f" "fffb6708614e808208599105bad4c4e50c6c3fc52548e6ccaa5978565acd2629", kill_on_drop: false }`
[INFO] [stdout] fffb6708614e808208599105bad4c4e50c6c3fc52548e6ccaa5978565acd2629
[INFO] running `Command { std: "docker" "create" "-v" "/var/lib/crater-agent-workspace/builds/worker-1/target:/opt/rustwide/target:rw,Z" "-v" "/var/lib/crater-agent-workspace/builds/worker-1/source:/opt/rustwide/workdir:ro,Z" "-v" "/var/lib/crater-agent-workspace/cargo-home:/opt/rustwide/cargo-home:ro,Z" "-v" "/var/lib/crater-agent-workspace/rustup-home:/opt/rustwide/rustup-home:ro,Z" "-e" "SOURCE_DIR=/opt/rustwide/workdir" "-e" "CARGO_TARGET_DIR=/opt/rustwide/target" "-e" "CARGO_INCREMENTAL=0" "-e" "RUST_BACKTRACE=full" "-e" "RUSTFLAGS=--cap-lints=forbid" "-e" "CARGO_HOME=/opt/rustwide/cargo-home" "-e" "RUSTUP_HOME=/opt/rustwide/rustup-home" "-w" "/opt/rustwide/workdir" "-m" "1610612736" "--user" "0:0" "--network" "none" "ghcr.io/rust-lang/crates-build-env/linux@sha256:20528e8c29e4536546f0102ce88568b16ea7538393a33fcca951030f7af10457" "/opt/rustwide/cargo-home/bin/cargo" "+ff34b919075f35a1787659e9c448a34b06bab8de" "build" "--frozen" "--message-format=json", kill_on_drop: false }`
[INFO] [stderr] WARNING: Your kernel does not support swap limit capabilities or the cgroup is not mounted. Memory limited without swap.
[INFO] [stdout] f4d9ce540f03977463870fa4d3ea0c85f610423de8065a5a8844e3296fe0e5af
[INFO] running `Command { std: "docker" "start" "-a" "f4d9ce540f03977463870fa4d3ea0c85f610423de8065a5a8844e3296fe0e5af", kill_on_drop: false }`
[INFO] [stderr]    Compiling cfg-if v0.1.2
[INFO] [stderr]    Compiling lazy_static v0.2.11
[INFO] [stderr]    Compiling byteorder v1.2.1
[INFO] [stderr]    Compiling unicode-xid v0.1.0
[INFO] [stderr]    Compiling futures v0.1.17
[INFO] [stderr]    Compiling unicode-xid v0.0.4
[INFO] [stderr]    Compiling safemem v0.2.0
[INFO] [stderr]    Compiling lazycell v0.6.0
[INFO] [stderr]    Compiling bitflags v1.0.1
[INFO] [stderr]    Compiling quote v0.3.15
[INFO] [stderr]    Compiling slab v0.4.0
[INFO] [stderr]    Compiling fnv v1.0.6
[INFO] [stderr]    Compiling slab v0.3.0
[INFO] [stderr]    Compiling string v0.1.0
[INFO] [stderr]    Compiling futures-await-await-macro v0.1.0
[INFO] [stderr]    Compiling termcolor v0.3.3
[INFO] [stderr]    Compiling rand v0.3.20
[INFO] [stderr]    Compiling iovec v0.1.1
[INFO] [stderr]    Compiling memchr v2.0.1
[INFO] [stderr]    Compiling atty v0.2.6
[INFO] [stderr]    Compiling time v0.1.39
[INFO] [stderr]    Compiling textwrap v0.9.0
[INFO] [stderr]    Compiling log v0.4.1
[INFO] [stderr]    Compiling net2 v0.2.31
[INFO] [stderr]    Compiling proc-macro2 v0.1.10
[INFO] [stderr]    Compiling synom v0.11.3
[INFO] [stderr]    Compiling num v0.1.41
[INFO] [stdout] error[E0433]: failed to resolve: could not find `TokenNode` in `proc_macro`
[INFO] [stdout]    --> /opt/rustwide/cargo-home/registry/src/github.com-1ecc6299db9ec823/proc-macro2-0.1.10/src/unstable.rs:125:29
[INFO] [stdout]     |
[INFO] [stdout] 125 |                 proc_macro::TokenNode::Group(delim, s) => {
[INFO] [stdout]     |                             ^^^^^^^^^ could not find `TokenNode` in `proc_macro`
[INFO] [stdout] 
[INFO] [stdout] 
[INFO] [stdout] error[E0433]: failed to resolve: could not find `TokenNode` in `proc_macro`
[INFO] [stdout]    --> /opt/rustwide/cargo-home/registry/src/github.com-1ecc6299db9ec823/proc-macro2-0.1.10/src/unstable.rs:134:29
[INFO] [stdout]     |
[INFO] [stdout] 134 |                 proc_macro::TokenNode::Op(ch, kind) => {
[INFO] [stdout]     |                             ^^^^^^^^^ could not find `TokenNode` in `proc_macro`
[INFO] [stdout] 
[INFO] [stdout] 
[INFO] [stdout] error[E0433]: failed to resolve: could not find `TokenNode` in `proc_macro`
[INFO] [stdout]    --> /opt/rustwide/cargo-home/registry/src/github.com-1ecc6299db9ec823/proc-macro2-0.1.10/src/unstable.rs:141:29
[INFO] [stdout]     |
[INFO] [stdout] 141 |                 proc_macro::TokenNode::Term(s) => {
[INFO] [stdout]     |                             ^^^^^^^^^ could not find `TokenNode` in `proc_macro`
[INFO] [stdout] 
[INFO] [stdout] 
[INFO] [stdout] error[E0433]: failed to resolve: could not find `TokenNode` in `proc_macro`
[INFO] [stdout]    --> /opt/rustwide/cargo-home/registry/src/github.com-1ecc6299db9ec823/proc-macro2-0.1.10/src/unstable.rs:144:29
[INFO] [stdout]     |
[INFO] [stdout] 144 |                 proc_macro::TokenNode::Literal(l) => {
[INFO] [stdout]     |                             ^^^^^^^^^ could not find `TokenNode` in `proc_macro`
[INFO] [stdout] 
[INFO] [stdout] 
[INFO] [stdout] error[E0433]: failed to resolve: could not find `TokenNode` in `proc_macro`
[INFO] [stdout]    --> /opt/rustwide/cargo-home/registry/src/github.com-1ecc6299db9ec823/proc-macro2-0.1.10/src/unstable.rs:361:21
[INFO] [stdout]     |
[INFO] [stdout] 361 |         proc_macro::TokenNode::Literal(l) => l,
[INFO] [stdout]     |                     ^^^^^^^^^ could not find `TokenNode` in `proc_macro`
[INFO] [stdout] 
[INFO] [stdout] 
[INFO] [stdout] error[E0574]: expected struct, variant or union type, found enum `proc_macro::TokenTree`
[INFO] [stdout]   --> /opt/rustwide/cargo-home/registry/src/github.com-1ecc6299db9ec823/proc-macro2-0.1.10/src/unstable.rs:54:21
[INFO] [stdout]    |
[INFO] [stdout] 54 |         TokenStream(proc_macro::TokenTree {
[INFO] [stdout]    |                     ^^^^^^^^^^^^^^^^^^^^^ not a struct, variant or union type
[INFO] [stdout]    |
[INFO] [stdout] help: consider importing this struct instead
[INFO] [stdout]    |
[INFO] [stdout] 1  | use TokenTree;
[INFO] [stdout]    |
[INFO] [stdout] 
[INFO] [stdout] 
[INFO] [stdout] error[E0433]: failed to resolve: could not find `TokenNode` in `proc_macro`
[INFO] [stdout]    --> /opt/rustwide/cargo-home/registry/src/github.com-1ecc6299db9ec823/proc-macro2-0.1.10/src/unstable.rs:64:33
[INFO] [stdout]     |
[INFO] [stdout] 64  |                       proc_macro::TokenNode::Group(delim, (s.0).0)
[INFO] [stdout]     |                                   ^^^^^^^^^
[INFO] [stdout]     |
[INFO] [stdout] help: an enum with a similar name exists
[INFO] [stdout]     |
[INFO] [stdout] 64  |                     proc_macro::TokenTree::Group(delim, (s.0).0)
[INFO] [stdout]     |                                 ^^^^^^^^^
[INFO] [stdout] help: consider importing this enum
[INFO] [stdout]     |
[INFO] [stdout] 1   | use TokenNode;
[INFO] [stdout]     |
[INFO] [stdout] 
[INFO] [stdout] 
[INFO] [stderr]    Compiling bytes v0.4.6
[INFO] [stdout] error[E0433]: failed to resolve: could not find `TokenNode` in `proc_macro`
[INFO] [stdout]    --> /opt/rustwide/cargo-home/registry/src/github.com-1ecc6299db9ec823/proc-macro2-0.1.10/src/unstable.rs:71:33
[INFO] [stdout]     |
[INFO] [stdout] 71  |                       proc_macro::TokenNode::Op(ch, kind)
[INFO] [stdout]     |                                   ^^^^^^^^^
[INFO] [stdout]     |
[INFO] [stdout] help: an enum with a similar name exists
[INFO] [stdout]     |
[INFO] [stdout] 71  |                     proc_macro::TokenTree::Op(ch, kind)
[INFO] [stdout]     |                                 ^^^^^^^^^
[INFO] [stdout] help: consider importing this enum
[INFO] [stdout]     |
[INFO] [stdout] 1   | use TokenNode;
[INFO] [stdout]     |
[INFO] [stdout] 
[INFO] [stdout] 
[INFO] [stdout] error[E0433]: failed to resolve: could not find `TokenNode` in `proc_macro`
[INFO] [stdout]    --> /opt/rustwide/cargo-home/registry/src/github.com-1ecc6299db9ec823/proc-macro2-0.1.10/src/unstable.rs:74:33
[INFO] [stdout]     |
[INFO] [stdout] 74  |                       proc_macro::TokenNode::Term((s.0).0)
[INFO] [stdout]     |                                   ^^^^^^^^^
[INFO] [stdout]     |
[INFO] [stdout] help: an enum with a similar name exists
[INFO] [stdout]     |
[INFO] [stdout] 74  |                     proc_macro::TokenTree::Term((s.0).0)
[INFO] [stdout]     |                                 ^^^^^^^^^
[INFO] [stdout] help: consider importing this enum
[INFO] [stdout]     |
[INFO] [stdout] 1   | use TokenNode;
[INFO] [stdout]     |
[INFO] [stdout] 
[INFO] [stdout] 
[INFO] [stdout] error[E0433]: failed to resolve: could not find `TokenNode` in `proc_macro`
[INFO] [stdout]    --> /opt/rustwide/cargo-home/registry/src/github.com-1ecc6299db9ec823/proc-macro2-0.1.10/src/unstable.rs:77:33
[INFO] [stdout]     |
[INFO] [stdout] 77  |                       proc_macro::TokenNode::Literal((l.0).0)
[INFO] [stdout]     |                                   ^^^^^^^^^
[INFO] [stdout]     |
[INFO] [stdout] help: an enum with a similar name exists
[INFO] [stdout]     |
[INFO] [stdout] 77  |                     proc_macro::TokenTree::Literal((l.0).0)
[INFO] [stdout]     |                                 ^^^^^^^^^
[INFO] [stdout] help: consider importing this enum
[INFO] [stdout]     |
[INFO] [stdout] 1   | use TokenNode;
[INFO] [stdout]     |
[INFO] [stdout] 
[INFO] [stdout] 
[INFO] [stdout] error[E0412]: cannot find type `TokenTreeIter` in crate `proc_macro`
[INFO] [stdout]    --> /opt/rustwide/cargo-home/registry/src/github.com-1ecc6299db9ec823/proc-macro2-0.1.10/src/unstable.rs:103:38
[INFO] [stdout]     |
[INFO] [stdout] 103 |   pub struct TokenTreeIter(proc_macro::TokenTreeIter);
[INFO] [stdout]     |                                        ^^^^^^^^^^^^^
[INFO] [stdout]     |
[INFO] [stdout] help: an enum with a similar name exists
[INFO] [stdout]     |
[INFO] [stdout] 103 | pub struct TokenTreeIter(proc_macro::TokenTree);
[INFO] [stdout]     |                                      ^^^^^^^^^
[INFO] [stdout] help: consider importing this struct
[INFO] [stdout]     |
[INFO] [stdout] 1   | use TokenTreeIter;
[INFO] [stdout]     |
[INFO] [stdout] 
[INFO] [stdout] 
[INFO] [stdout] error[E0412]: cannot find type `Term` in crate `proc_macro`
[INFO] [stdout]    --> /opt/rustwide/cargo-home/registry/src/github.com-1ecc6299db9ec823/proc-macro2-0.1.10/src/unstable.rs:270:29
[INFO] [stdout]     |
[INFO] [stdout] 270 | pub struct Term(proc_macro::Term);
[INFO] [stdout]     |                             ^^^^ not found in `proc_macro`
[INFO] [stdout]     |
[INFO] [stdout] help: consider importing this struct
[INFO] [stdout]     |
[INFO] [stdout] 1   | use Term;
[INFO] [stdout]     |
[INFO] [stdout] 
[INFO] [stdout] 
[INFO] [stdout] error[E0433]: failed to resolve: could not find `Term` in `proc_macro`
[INFO] [stdout]    --> /opt/rustwide/cargo-home/registry/src/github.com-1ecc6299db9ec823/proc-macro2-0.1.10/src/unstable.rs:274:26
[INFO] [stdout]     |
[INFO] [stdout] 274 |         Term(proc_macro::Term::intern(string))
[INFO] [stdout]     |                          ^^^^ not found in `proc_macro`
[INFO] [stdout]     |
[INFO] [stdout] help: consider importing this struct
[INFO] [stdout]     |
[INFO] [stdout] 1   | use Term;
[INFO] [stdout]     |
[INFO] [stdout] 
[INFO] [stdout] 
[INFO] [stderr]    Compiling base64 v0.9.0
[INFO] [stderr]    Compiling aho-corasick v0.6.4
[INFO] [stderr]    Compiling syn v0.11.11
[INFO] [stderr]    Compiling log v0.3.9
[INFO] [stderr]    Compiling clap v2.29.0
[INFO] [stdout] error[E0599]: no function or associated item named `empty` found for struct `proc_macro::TokenStream` in the current scope
[INFO] [stdout]   --> /opt/rustwide/cargo-home/registry/src/github.com-1ecc6299db9ec823/proc-macro2-0.1.10/src/unstable.rs:18:46
[INFO] [stdout]    |
[INFO] [stdout] 18 |         TokenStream(proc_macro::TokenStream::empty())
[INFO] [stdout]    |                                              ^^^^^ function or associated item not found in `proc_macro::TokenStream`
[INFO] [stdout] 
[INFO] [stdout] 
[INFO] [stdout] error[E0658]: use of unstable library feature 'proc_macro_def_site'
[INFO] [stdout]    --> /opt/rustwide/cargo-home/registry/src/github.com-1ecc6299db9ec823/proc-macro2-0.1.10/src/unstable.rs:225:14
[INFO] [stdout]     |
[INFO] [stdout] 225 |         Span(proc_macro::Span::def_site())
[INFO] [stdout]     |              ^^^^^^^^^^^^^^^^^^^^^^^^^^
[INFO] [stdout]     |
[INFO] [stdout]     = note: see issue #54724 <https://github.com/rust-lang/rust/issues/54724> for more information
[INFO] [stdout]     = help: add `#![feature(proc_macro_def_site)]` to the crate attributes to enable
[INFO] [stdout] 
[INFO] [stdout] 
[INFO] [stdout] error[E0599]: no function or associated item named `float` found for struct `proc_macro::Literal` in the current scope
[INFO] [stdout]    --> /opt/rustwide/cargo-home/registry/src/github.com-1ecc6299db9ec823/proc-macro2-0.1.10/src/unstable.rs:318:38
[INFO] [stdout]     |
[INFO] [stdout] 318 |         Literal(proc_macro::Literal::float(s))
[INFO] [stdout]     |                                      ^^^^^ function or associated item not found in `proc_macro::Literal`
[INFO] [stdout] 
[INFO] [stdout] 
[INFO] [stdout] error[E0599]: no function or associated item named `integer` found for struct `proc_macro::Literal` in the current scope
[INFO] [stdout]    --> /opt/rustwide/cargo-home/registry/src/github.com-1ecc6299db9ec823/proc-macro2-0.1.10/src/unstable.rs:322:38
[INFO] [stdout]     |
[INFO] [stdout] 322 |         Literal(proc_macro::Literal::integer(s.into()))
[INFO] [stdout]     |                                      ^^^^^^^ function or associated item not found in `proc_macro::Literal`
[INFO] [stdout] 
[INFO] [stdout] 
[INFO] [stdout] error[E0609]: no field `kind` on type `proc_macro::TokenTree`
[INFO] [stdout]    --> /opt/rustwide/cargo-home/registry/src/github.com-1ecc6299db9ec823/proc-macro2-0.1.10/src/unstable.rs:360:46
[INFO] [stdout]     |
[INFO] [stdout] 360 |     match stream.into_iter().next().unwrap().kind {
[INFO] [stdout]     |                                              ^^^^
[INFO] [stdout] 
[INFO] [stdout] 
[INFO] [stdout] error[E0599]: no function or associated item named `u8` found for struct `proc_macro::Literal` in the current scope
[INFO] [stdout]    --> /opt/rustwide/cargo-home/registry/src/github.com-1ecc6299db9ec823/proc-macro2-0.1.10/src/unstable.rs:377:5
[INFO] [stdout]     |
[INFO] [stdout] 377 |     u8, u16, u32, u64, usize,
[INFO] [stdout]     |     ^^ function or associated item not found in `proc_macro::Literal`
[INFO] [stdout] 
[INFO] [stdout] 
[INFO] [stdout] error[E0599]: no function or associated item named `u16` found for struct `proc_macro::Literal` in the current scope
[INFO] [stdout]    --> /opt/rustwide/cargo-home/registry/src/github.com-1ecc6299db9ec823/proc-macro2-0.1.10/src/unstable.rs:377:9
[INFO] [stdout]     |
[INFO] [stdout] 377 |     u8, u16, u32, u64, usize,
[INFO] [stdout]     |         ^^^ function or associated item not found in `proc_macro::Literal`
[INFO] [stdout] 
[INFO] [stdout] 
[INFO] [stdout] error[E0599]: no function or associated item named `u32` found for struct `proc_macro::Literal` in the current scope
[INFO] [stdout]    --> /opt/rustwide/cargo-home/registry/src/github.com-1ecc6299db9ec823/proc-macro2-0.1.10/src/unstable.rs:377:14
[INFO] [stdout]     |
[INFO] [stdout] 377 |     u8, u16, u32, u64, usize,
[INFO] [stdout]     |              ^^^ function or associated item not found in `proc_macro::Literal`
[INFO] [stdout] 
[INFO] [stdout] 
[INFO] [stdout] error[E0599]: no function or associated item named `u64` found for struct `proc_macro::Literal` in the current scope
[INFO] [stdout]    --> /opt/rustwide/cargo-home/registry/src/github.com-1ecc6299db9ec823/proc-macro2-0.1.10/src/unstable.rs:377:19
[INFO] [stdout]     |
[INFO] [stdout] 377 |     u8, u16, u32, u64, usize,
[INFO] [stdout]     |                   ^^^ function or associated item not found in `proc_macro::Literal`
[INFO] [stdout] 
[INFO] [stdout] 
[INFO] [stdout] error[E0599]: no function or associated item named `usize` found for struct `proc_macro::Literal` in the current scope
[INFO] [stdout]    --> /opt/rustwide/cargo-home/registry/src/github.com-1ecc6299db9ec823/proc-macro2-0.1.10/src/unstable.rs:377:24
[INFO] [stdout]     |
[INFO] [stdout] 377 |     u8, u16, u32, u64, usize,
[INFO] [stdout]     |                        ^^^^^ function or associated item not found in `proc_macro::Literal`
[INFO] [stdout] 
[INFO] [stdout] 
[INFO] [stdout] error[E0599]: no function or associated item named `i8` found for struct `proc_macro::Literal` in the current scope
[INFO] [stdout]    --> /opt/rustwide/cargo-home/registry/src/github.com-1ecc6299db9ec823/proc-macro2-0.1.10/src/unstable.rs:378:5
[INFO] [stdout]     |
[INFO] [stdout] 378 |     i8, i16, i32, i64, isize,
[INFO] [stdout]     |     ^^ function or associated item not found in `proc_macro::Literal`
[INFO] [stdout] 
[INFO] [stdout] 
[INFO] [stdout] error[E0599]: no function or associated item named `i16` found for struct `proc_macro::Literal` in the current scope
[INFO] [stdout]    --> /opt/rustwide/cargo-home/registry/src/github.com-1ecc6299db9ec823/proc-macro2-0.1.10/src/unstable.rs:378:9
[INFO] [stdout]     |
[INFO] [stdout] 378 |     i8, i16, i32, i64, isize,
[INFO] [stdout]     |         ^^^ function or associated item not found in `proc_macro::Literal`
[INFO] [stdout] 
[INFO] [stdout] 
[INFO] [stdout] error[E0599]: no function or associated item named `i32` found for struct `proc_macro::Literal` in the current scope
[INFO] [stdout]    --> /opt/rustwide/cargo-home/registry/src/github.com-1ecc6299db9ec823/proc-macro2-0.1.10/src/unstable.rs:378:14
[INFO] [stdout]     |
[INFO] [stdout] 378 |     i8, i16, i32, i64, isize,
[INFO] [stdout]     |              ^^^ function or associated item not found in `proc_macro::Literal`
[INFO] [stdout] 
[INFO] [stdout] 
[INFO] [stdout] error[E0599]: no function or associated item named `i64` found for struct `proc_macro::Literal` in the current scope
[INFO] [stdout]    --> /opt/rustwide/cargo-home/registry/src/github.com-1ecc6299db9ec823/proc-macro2-0.1.10/src/unstable.rs:378:19
[INFO] [stdout]     |
[INFO] [stdout] 378 |     i8, i16, i32, i64, isize,
[INFO] [stdout]     |                   ^^^ function or associated item not found in `proc_macro::Literal`
[INFO] [stdout] 
[INFO] [stdout] 
[INFO] [stdout] error[E0599]: no function or associated item named `isize` found for struct `proc_macro::Literal` in the current scope
[INFO] [stdout]    --> /opt/rustwide/cargo-home/registry/src/github.com-1ecc6299db9ec823/proc-macro2-0.1.10/src/unstable.rs:378:24
[INFO] [stdout]     |
[INFO] [stdout] 378 |     i8, i16, i32, i64, isize,
[INFO] [stdout]     |                        ^^^^^ function or associated item not found in `proc_macro::Literal`
[INFO] [stdout] 
[INFO] [stdout] 
[INFO] [stdout] error[E0599]: no function or associated item named `f32` found for struct `proc_macro::Literal` in the current scope
[INFO] [stdout]    --> /opt/rustwide/cargo-home/registry/src/github.com-1ecc6299db9ec823/proc-macro2-0.1.10/src/unstable.rs:392:5
[INFO] [stdout]     |
[INFO] [stdout] 392 |     f32, f64,
[INFO] [stdout]     |     ^^^ function or associated item not found in `proc_macro::Literal`
[INFO] [stdout] 
[INFO] [stdout] 
[INFO] [stdout] error[E0599]: no function or associated item named `f64` found for struct `proc_macro::Literal` in the current scope
[INFO] [stdout]    --> /opt/rustwide/cargo-home/registry/src/github.com-1ecc6299db9ec823/proc-macro2-0.1.10/src/unstable.rs:392:10
[INFO] [stdout]     |
[INFO] [stdout] 392 |     f32, f64,
[INFO] [stdout]     |          ^^^ function or associated item not found in `proc_macro::Literal`
[INFO] [stdout] 
[INFO] [stdout] 
[INFO] [stdout] error: aborting due to 30 previous errors
[INFO] [stdout] 
[INFO] [stdout] 
[INFO] [stdout] Some errors have detailed explanations: E0412, E0433, E0574, E0599, E0609, E0658.
[INFO] [stdout] 
[INFO] [stdout] For more information about an error, try `rustc --explain E0412`.
[INFO] [stdout] 
[INFO] [stderr] error: could not compile `proc-macro2`
[INFO] [stderr] 
[INFO] [stderr] To learn more, run the command again with --verbose.
[INFO] [stderr] warning: build failed, waiting for other jobs to finish...
[INFO] [stderr] error: build failed
[INFO] running `Command { std: "docker" "inspect" "f4d9ce540f03977463870fa4d3ea0c85f610423de8065a5a8844e3296fe0e5af", kill_on_drop: false }`
[INFO] running `Command { std: "docker" "rm" "-f" "f4d9ce540f03977463870fa4d3ea0c85f610423de8065a5a8844e3296fe0e5af", kill_on_drop: false }`
[INFO] [stdout] f4d9ce540f03977463870fa4d3ea0c85f610423de8065a5a8844e3296fe0e5af
